 10221828?
True
Does 2551 divide 23165631?
True
Is 1360 a factor of 44495120?
True
Is 6 a factor of 34233383?
False
Is 1049642416 a multiple of 16?
True
Does 620 divide 40063610?
False
Is 4849440994 a multiple of 5849?
True
Is 402 a factor of 2993206374?
True
Is 2898494515 a multiple of 35?
True
Does 3 divide 20301168?
True
Is 787 a factor of 104264669?
False
Is 76725656 a multiple of 76?
False
Does 8527 divide 6216762836?
True
Is 16135826 a multiple of 7?
True
Is 9 a factor of 6259537?
False
Is 58125880 a multiple of 3205?
True
Is 8 a factor of 80432336?
True
Does 1510 divide 18663197?
False
Does 3949 divide 39664030?
False
Is 523370251 a multiple of 172?
False
Is 169780000 a multiple of 520?
True
Is 83 a factor of 126976305?
True
Is 4 a factor of 19841092?
True
Is 50 a factor of 74244844?
False
Is 52438066 a multiple of 183?
False
Is 13 a factor of 66199341?
True
Is 1056 a factor of 321179232?
True
Is 9 a factor of 266804973?
True
Is 12404512 a multiple of 347?
False
Is 7 a factor of 449042204?
False
Is 24 a factor of 5967772?
False
Is 34888806 a multiple of 54?
True
Does 55 divide 1146866985?
True
Is 37 a factor of 351048933?
True
Is 1286 a factor of 306724165?
False
Is 58 a factor of 159258701?
False
Does 106 divide 10512338?
True
Does 312 divide 205919376?
True
Does 555 divide 2303383200?
True
Is 12299062 a multiple of 1986?
False
Does 15 divide 25115160?
True
Does 11 divide 3143650?
False
Does 34 divide 95267184?
True
Does 2175 divide 55234125?
True
Is 8257950 a multiple of 5?
True
Does 9 divide 830663869?
False
Does 499 divide 14220003?
True
Is 118 a factor of 139031554?
False
Does 260 divide 68612180?
True
Does 18 divide 1620770634?
True
Does 27 divide 334251522?
True
Is 532115926 a multiple of 118?
True
Does 116 divide 429806030?
False
Is 291442570 a multiple of 101?
True
Does 5 divide 181095526?
False
Does 665 divide 120299165?
True
Is 285 a factor of 20906175?
True
Does 333 divide 2227104?
True
Is 88517324 a multiple of 433?
True
Is 234941401 a multiple of 3067?
True
Is 1032 a factor of 170013404?
False
Is 2497203236 a multiple of 11?
True
Is 52 a factor of 5738356?
True
Does 3306 divide 209154080?
False
Does 267 divide 29210601?
True
Does 1181 divide 1455944922?
False
Does 1091 divide 14573597?
False
Is 1279093662 a multiple of 29?
True
Does 165 divide 323629845?
True
Is 1549 a factor of 1852136647?
False
Is 153 a factor of 29670028?
False
Is 4 a factor of 384402768?
True
Is 1813448340 a multiple of 990?
True
Is 82410042 a multiple of 286?
True
Does 158 divide 205084?
True
Is 97010368 a multiple of 14?
True
Is 11 a factor of 1240520?
False
Is 211119747 a multiple of 17?
False
Is 27 a factor of 43648314?
False
Is 2973 a factor of 1402729110?
False
Is 32099812 a multiple of 336?
False
Is 6 a factor of 32903969?
False
Is 79413720 a multiple of 6?
True
Is 4350 a factor of 1420035750?
True
Is 1614 a factor of 23417591?
False
Is 2750748 a multiple of 229?
True
Does 379 divide 3461235692?
True
Is 427291004 a multiple of 1087?
True
Is 30 a factor of 6690171?
False
Is 150028281 a multiple of 2449?
False
Is 726 a factor of 258130026?
True
Is 15 a factor of 38640150?
True
Is 39648383 a multiple of 4?
False
Is 246804453 a multiple of 51?
True
Is 70 a factor of 495168862?
False
Does 3402 divide 132217739?
False
Is 25 a factor of 7816448?
False
Does 6 divide 12757295?
False
Is 229 a factor of 1343825?
False
Does 93 divide 827604768?
True
Does 22 divide 169352194?
True
Is 36 a factor of 190953570?
False
Is 1136594082 a multiple of 206?
True
Is 3761 a factor of 1895886251?
True
Is 18 a factor of 5713794651?
False
Is 39716082 a multiple of 343?
False
Does 169 divide 68285890?
False
Is 4 a factor of 3142045?
False
Does 966 divide 4103724492?
True
Is 17 a factor of 108277363?
False
Does 1633 divide 708877135?
True
Does 26 divide 159525874?
False
Is 17 a factor of 139881967?
True
Is 36 a factor of 205295580?
True
Is 5431572432 a multiple of 9?
True
Is 1077159129 a multiple of 2588?
False
Is 198 a factor of 5963983?
False
Does 225 divide 722709136?
False
Is 289231586 a multiple of 12?
False
Is 8 a factor of 5850272?
True
Does 2431 divide 34508879?
False
Does 7 divide 45946642?
True
Is 204496181 a multiple of 31?
True
Does 2585 divide 1108103510?
False
Does 1972 divide 632227144?
True
Is 2318195 a multiple of 373?
True
Is 1435593152 a multiple of 8247?
False
Is 3529 a factor of 3257493666?
False
Is 65929766 a multiple of 14?
True
Is 25 a factor of 1068359552?
False
Is 2422 a factor of 800890006?
True
Does 31 divide 100987874?
False
Is 100093110 a multiple of 1209?
True
Does 70 divide 111098610?
True
Does 441 divide 68992785?
False
Is 317094803 a multiple of 6949?
False
Does 10 divide 255277775?
False
Is 76 a factor of 135339128?
True
Is 52 a factor of 76683829?
False
Does 119 divide 2324067501?
True
Is 26 a factor of 116915292?
True
Is 1017261853 a multiple of 15?
False
Is 405182154 a multiple of 78?
True
Is 7 a factor of 104503013?
False
Is 7 a factor of 1250543862?
False
Does 11 divide 4088380194?
False
Is 11 a factor of 1940748997?
True
Is 544795488 a multiple of 2232?
True
Is 1673439 a multiple of 761?
True
Is 749 a factor of 43720854?
False
Is 880 a factor of 45441057?
False
Is 1081 a factor of 1310078542?
False
Does 8 divide 6360813?
False
Does 210 divide 11909264?
False
Does 3907 divide 835660416?
True
Is 75 a factor of 53834475?
True
Does 2098 divide 100718626?
False
Does 5786 divide 2493317496?
False
Is 683 a factor of 14806668?
False
Does 7801 divide 41994181?
False
Does 198 divide 35469126?
True
Is 315 a factor of 517222125?
True
Is 2332 a factor of 145716789?
False
Does 133 divide 2047544037?
False
Is 7 a factor of 3922656?
False
Is 502473073 a multiple of 8?
False
Is 465 a factor of 291993495?
True
Is 31709841 a multiple of 57?
True
Is 65633721 a multiple of 1107?
False
Is 4097 a factor of 169202003?
True
Is 831 a factor of 451314438?
True
Is 85675792 a multiple of 514?
False
Is 312 a factor of 843944653?
False
Is 12227439 a multiple of 359?
False
Is 15394 a multiple of 358?
True
Is 148 a factor of 758668285?
False
Is 398 a factor of 767982197?
False
Does 51 divide 92509155?
True
Is 240 a factor of 95020800?
True
Is 5574090 a multiple of 149?
True
Does 2140 divide 8063520?
True
Is 16650536 a multiple of 7?
True
Does 815 divide 3929930?
True
Does 16 divide 526516971?
False
Does 62 divide 83979744?
True
Is 6 a factor of 479906000?
False
Does 3157 divide 34875028?
False
Does 18 divide 864829440?
True
Is 94693946 a multiple of 2818?
False
Does 7 divide 258548829?
True
Does 237 divide 439086582?
True
Does 38 divide 3631176184?
True
Is 86449139 a multiple of 3?
False
Does 827 divide 53994545?
False
Is 4406 a factor of 315716336?
True
Is 1766 a factor of 84444822?
True
Does 820 divide 850860839?
False
Is 2763560 a multiple of 295?
True
Is 533 a factor of 2197330754?
False
Is 12 a factor of 1239216?
True
Does 9 divide 71896319?
False
Is 1505162496 a multiple of 384?
True
Is 129847335 a multiple of 100?
False
Is 468 a factor of 46903498?
False
Is 811604000 a multiple of 59?
True
Does 3466 divide 1619699926?
True
Is 1825431780 a multiple of 20?
True
Does 641 divide 25168865?
True
Does 2176 divide 179823393?
False
Is 459 a factor of 841706397?
True
Is 16 a factor of 29556999?
False
Is 297539268 a multiple of 25?
False
Is 9916719 a multiple of 3?
True
Does 203 divide 182657547?
False
Is 2592804 a multiple of 1299?
True
Is 57 a factor of 72623187?
True
Is 551 a factor of 343958995?
True
Is 38 a factor of 91781818?
True
Does 173 divide 36648320?
True
Is 15589088 a multiple of 4?
True
Is 6 a factor of 65247636?
True
Is 434 a factor of 91906903?
False
Is 28 a factor of 59024958?
False
Does 17 divide 5971442?
False
Is 223963525 a multiple of 7?
False
Is 2099 a factor of 425992050?
True
Is 59 a factor of 765097888?
False
Is 6413485 a multiple of 225?
False
Is 5665 a factor of 546072010?
True
Is 17783425 a multiple of 16?
False
Is 313638125 a multiple of 25?
True
Does 32 divide 199503710?
False
Is 39912243 a multiple of 51?
True
Is 18 a factor of 1478897352?
True
Does 50 divide 757759550?
True
Is 263 a factor of 238659613?
True
Is 12 a factor of 17003407?
False
Does 287 divide 137434882?
False
Is 244402794 a multiple of 39?
False
Is 140 a factor of 36379